pose -396*l = 396*l - 850*l - 232. Let w(q) = -q**2 - 6*q + 3. Determine w(l).
11
Let r(c) = -2*c - 136*c**2 + 3*c + 129*c**2. Let s be r(-1). Let f(g) = -g**2 - 7*g + 8. Determine f(s).
0
Let p(n) be the first derivative of n**4/4 + 7*n**3/3 + 2*n**2 - 30*n - 791. Give p(-4).
2
Suppose 9*y + 29 - 200 = 0. Let z(r) = 988*r - 991*r + 25 + 2*r**2 - y. Give z(4).
26
Let l(j) = -34*j + 27. Let q be l(-4). Let s(z) = 163 - q - 11*z + 7*z. What is s(-3)?
12
Let m(y) be the first derivative of -13*y**2/2 + 8*y + 1792. Calculate m(7).
-83
Let o(r) = -3*r + 9. Let p be ((-8)/(-16))/((-1)/(-4) + 0). Suppose 4*t - 26 = -p*f + 2*t, t = f - 3. Suppose -4*a = -h - f - 6, -5*a = h - 31. Give o(h).
-9
Let l(f) = 6*f + 8. Let v(n) = -n**3 - 13*n**2 - 9*n + 31. Let p be v(-12). Let y(d) = 2*d + 3*d + 0 - 2*d + 4. Let c(j) = p*y(j) + 2*l(j). Calculate c(-4).
8
Let y(j) = -3*j**2 - 30*j + 24. Let p(i) = -2*i**2 - 20*i + 16. Let s(r) = -8*p(r) + 5*y(r). Suppose 0 = -18*a + 41*a + 230. Calculate s(a).
-8
Let m(n) be the first derivative of 3 + 1/3*n**3 + 2*n - 1/2*n**2. Let v be (-5)/(10/4) - -2. Calculate m(v).
2
Let u(i) = 2*i**2 - 4. Let j(t) = -8*t**2 - 12*t + 25. Let k(d) = j(d) + 3*u(d). Determine k(-7).
-1
Let h = -11 + 13. Let w(d) = -18*d - 16. Let r(t) = 4*t + 3. Let n(x) = -x**2 - 10*x - 7. Let s be n(-9). Let j(p) = s*w(p) + 11*r(p). What is j(h)?
17
Let f(b) = b**2 + 7*b - 12. Let v be (-103)/(-4) + -6*(-5)/120. Let j = v - 34. Let q be f(j). Let i(p) = 3*p + 2. What is i(q)?
-10
Let c(q) = -q**3 - 10*q**2 - 13*q + 14. Suppose -137*k = -408 + 1504. Give c(k).
-10
Let q(b) = -23*b - 1. Let a(i) = -15*i - 1. Let k(y) = 8*a(y) - 5*q(y). Let p(v) = -51*v + 180. Let j be p(3). Let t be (6/(-4))/(2 + j/(-18)). Determine k(t).
12
Let u(r) = r**3 - 3*r - 2. Let h(o) be the first derivative of 13*o**2/2 + 102*o + 38. Let c be h(-8). What is u(c)?
-4
Let h(p) = 17*p + 6. Let c(l) = -3*l - 2. Let u(v) = 3*c(v) + h(v). Calculate u(3).
24
Let r(v) be the first derivative of 2*v**2 + 4*v + 2660. Calculate r(-10).
-36
Let k(i) = -2*i - 9. Let q be ((-7409)/31)/(6/2)*3. Let f = q + 227. Give k(f).
15
Let a(r) = r**3 + r - 4. Let g(l) = 3. Let v(y) = 2*a(y) + 3*g(y). Suppose -314*s - 369 = -20*s + 75*s. What is v(s)?
-3
Suppose -16*c = -20*c + 4*d - 32, 4*c + d - 3 = 0. Let y(p) be the third derivative of 0 - 6*p**2 + 0*p + 1/20*p**5 - 1/6*p**3 - 1/12*p**4. What is y(c)?
4
Let p(x) = 9*x - 1. Let a(f) = 4*f. Let k(d) = 7*a(d) - 3*p(d). Let b be 294/245 + (-703)/(-185). Determine k(b).
8
Let k(v) = -11*v**2 - 15*v - 4. Let x be k(-1). Let t(q) = -q**3 + 2*q**2 + 13*q + 5. What is t(x)?
5
Let o(x) = x**2 + 21*x + 10. Let h be o(-21). Let r be (-2 - 3)*(-2)/h*6. Let w(s) = s**2 - 4*s + 6. Give w(r).
18
Suppose -38*u + 25 + 26 + 25 = 0. Let d(q) = -3*q**2 + q - 5. Let c(s) = -s**2 + s - 1. Let x = -1 + 2. Let g(r) = x*d(r) - 4*c(r). Give g(u).
-3
Suppose -3*a = -4*x + 9, -5*x = -8*x - 3*a - 9. Let c(b) = b**3 + 2*b**2 + 2*b + 20. Calculate c(x).
20
Let l = 8 - 11. Let c(s) = -4*s**2 - 11*s + 4. Let z(u) = 3*u**2 + 12*u - 5. Let p(b) = l*z(b) - 2*c(b). Give p(-14).
7
Let h(i) = -i**3 + 11*i**2 - 16*i - 16. Let z be h(9). Let l(f) = -8*f - 9*f**z + 3*f**2 + 8 + 4 + 5*f**2. Give l(-9).
3
Let d(j) = -j**3 - 27*j**2 - 23*j + 60. Let z be (-49860)/1939 + ((-32)/14 - -2). What is d(z)?
-18
Let f(b) = 1590 + 0*b - 1586 - b. Let l = 2 - 0. Let z be 12/(-8)*(l + 0). Determine f(z).
7
Let m(w) = -2*w**3 + 12*w**2 + w + 3. Let p = -3988 - -3994. What is m(p)?
9
Let p(c) = 9*c + 2979 - 5982 + 2963. Determine p(6).
14
Suppose 10 + 6 = 2*k. Let a(r) = r**2 + 8*r + 92. Let g(z) = -3*z - 31. Let y(s) = k*g(s) + 3*a(s). Let d(w) be the first derivative of y(w). Determine d(2).
12
Suppose 217 = -9*y + 757. Let t = -56 + y. Let b(u) = 6*u - 58*u**2 - 50*u**2 + 102*u**2 + 0*u**3 + u**3 - 6. What is b(t)?
-14
Let u = -63 + 114. Suppose 5*d + 2*k + u = 211, 4*k - 140 = -4*d. Suppose -3*m + d = 2*m. Let x(y) = -y - 2. Calculate x(m).
-8
Let l(s) = -15*s**3 + 38*s**3 - 11*s**3 + 33*s**2 - 29 + 46*s - 58*s**2 - 11*s**3. Give l(23).
-29
Let f be ((-68)/6)/(-2)*(4 + -7). Let b(n) = n**2 + 21*n - 7. Calculate b(f).
-75
Let f(u) = -3*u**3 + u**2 + u. Suppose -s = 4*p - 3*p - 9, 5*p = -s + 29. Let j(d) = 6*d - 28. Let i be j(p). Determine f(i).
-18
Let y(j) = 3*j**2 + 11*j. Let n(b) = 4*b - 22. Let v be n(5). Let z be y(v). Let r(k) = -14 - 4*k + 3*k - k. Calculate r(z).
6
Let c(l) be the first derivative of -13*l**2/2 + 5*l - 1304. Calculate c(4).
-47
Let n(q) = 1189*q - 2377. Let f be n(2). Let t(k) = -13*k**3 + k**2 - k. Give t(f).
-13
Let y(a) = 9*a - 21. Suppose 8*l + 6 = 9*l - 3*j, 0 = -2*j. Give y(l).
33
Let j(t) be the second derivative of t**4/6 + 5*t**3/6 - 7*t**2/2 + 2*t - 619. Determine j(-4).
5
Let x(l) = 27*l + 4188. Let c be x(-155). Let o(w) = -w**2 + 10*w - 1. Calculate o(c).
20
Let q(l) be the first derivative of -30 + 0*l - 4/3*l**3 - 5/2*l**2 - 1/12*l**4. Let u(k) be the second derivative of q(k). What is u(-7)?
6
Let f(n) be the first derivative of -33*n**2/2 - 6*n - 1234. Calculate f(3).
-105
Let b(a) be the first derivative of 2 - a + 9/2*a**2. What is b(1)?
8
Let k(a) = a**2 - 3*a - 6. Let q(i) = -i**3 + i**2 + 3*i - 2. Let x = -26 + 27. Let y be q(x). Suppose -2*c - 2*p + 18 = 0, 2*p = -5*c + 34 - y. Give k(c).
4
Let m(o) = -14 - 3*o + 3*o - o. Let a be (2 - 22/12) + ((-630168)/(-144))/(-217). Calculate m(a).
6
Let p(o) = -4*o - 1. Let h(q) = 2*q + 1. Suppose 2*k - 11 - 3 = 0. Let i(g) = k*h(g) + 4*p(g). Suppose 3149*m - 144 = 3125*m. Calculate i(m).
-9
Let u(x) = 1533*x**2 + x + 7 - 1532*x**2 - 2*x. Suppose 0 = -5*n + 7 + 8, n - 18 = -3*k. Determine u(k).
27
Let o(r) = r**3 - 3*r**2 + 3*r - 2. Suppose -8*s = -4*s - 112. Let y = 32 - s. Suppose 4*h - c - 5 = 6, -4 = y*h + 4*c. Determine o(h).
0
Let x(t) = -9*t**3 + 7*t**2 - 304*t - 15. Let c(r) = 5*r**3 - 4*r**2 + 162*r + 8. Let j(w) = 11*c(w) + 6*x(w). Give j(-6).
-38
Let x(s) = -s**2 + 2*s + 13. Let t be x(0). Let n = t + 15. Suppose 20 = -2*q + n. Let z(m) = m - 4. Give z(q).
0
Let g(p) be the third derivative of -p**5/30 - 113*p**3/6 - 70*p**2 - p. Let d(a) be the first derivative of g(a). Let h be (-3 - -2)*(-1 - -2). Calculate d(h).
4
Let j(i) be the second derivative of i**5/20 + 2*i**4/3 + 2*i**3/3 - 3*i**2 + 9213*i. Let k be 0 + 0 - (-2 - -9). What is j(k)?
15
Let q be -2061*(-7)/1323 - 4*(-3)/126. Let m(u) = -9*u + 82. Give m(q).
-17
Let n(v) = -47*v**3 + 5*v - 9. Let h(g) = 129*g**3 - g**2 - 13*g + 26. Let a(y) = -4*h(y) - 11*n(y). Suppose -w - 3*w = 16. Calculate a(w).
7
Let w = 20 + 27. Suppose 46*y = w*y + 3. Let d(k) = 1 - k - 2 + 3*k. What is d(y)?
-7
Let f(l) = -17*l**2 + 119*l + 1. Suppose 2535 = 22*h + 2381. What is f(h)?
1
Let v(h) = -300 + 176 - 69*h - 211. Determine v(-5).
10
Suppose 92*u + 79 = 171. Let b(f) = -80*f + 2. What is b(u)?
-78
Let s(j) be the third derivative of j**6/120 + 3*j**5/20 + 3*j**4/8 - 5*j**3/6 - 38*j**2 + 3*j + 3. Determine s(-7).
30
Let d be 2/2*-8 - -1. Let p(n) be the third derivative of n**6/120 + 3*n**5/20 + 5*n**4/8 + 5*n**3/6 - 10236*n**2. Give p(d).
-2
Let s(q) = -q**2 - 3*q + 7. Let t = -4519 - -4511. Calculate s(t).
-33
Suppose 0 = -21*m + 32 - 137. Suppose 0 = 13*k - 16*k - 9. Let r(a) = 3*a**2 - 6*a + 1. Let t(h) = 2*h**2 - 6*h + 2. Let p(l) = k*r(l) + 4*t(l). Calculate p(m).
10
Let b(o) = 13*o**3 - 2*o**2 + 2*o - 4. Let j(h) = 36*h**2 + 149*h + 22. Let q be j(-4). What is b(q)?
96
Suppose -10 + 10 = 379*v. Let w(n) be the first derivative of -n**2/2 + 4. Give w(v).
0
Let u = 4088 - 4096. Let c(w) = w**3 + 10*w**2 + 14*w - 10. Calculate c(u).
6
Let x be (1 + 21/(-6))*(-5 + 7). Let t(v) = 5*v + 20. Let w be t(x). Let c = -7 - w. Let m(d) = -d - 1. What is m(c)?
1
Let s(f) be the third derivative of -f**6/120 - f**5/15 + f**4/2 + 23*f**3/6 - 4*f**2 - 82. Give s(-6).
23
Let o be (190/57)/((-4)/(-6)). Let x be 4/(-12) + 24/(-9). Let c(s) = -4*s**2 + 2*s - 5. Let g(d) = 5*d**2 - d + 6. Let t(p) = x*g(p) - 4*c(p). What is t(o)?
2
Let t(m) = 5*m**3 - 4*m**2 + 2*m. Let x be t(-2). Let r be (-20)/x - (-20)/(-6). Let z(y) = y**3 + y**2 - 3*y - 4. Give z(r).
-13
Let y be (-49)/7 - (36/(-1))/3. Let h(i) = -5*i + 6. Let p(k) = -1. Let n(g) = h(g) + 3*p(g). Calculate n(y).
-22
Sup